ue
Is 2057734 a multiple of 206?
True
Does 1074 divide 25319292?
False
Does 12 divide 229194?
False
Does 239 divide 50082?
False
Does 48 divide 191404?
False
Is 2199684 a multiple of 62?
False
Is 42167 a multiple of 6?
False
Does 122 divide 985158?
False
Does 17 divide 2459771?
False
Is 2800215 a multiple of 487?
False
Is 11894704 a multiple of 1201?
True
Is 816031 a multiple of 29?
True
Does 27 divide 8181?
True
Does 64 divide 167360?
True
Is 655 a factor of 1143567?
False
Is 184050 a multiple of 90?
True
Is 112 a factor of 1527344?
True
Is 235795 a multiple of 7?
True
Is 46 a factor of 9551491?
False
Is 407 a factor of 217338?
True
Is 858 a factor of 1162163?
False
Does 91 divide 93434?
False
Is 1071 a multiple of 9?
True
Is 323524 a multiple of 96?
False
Does 11 divide 43362?
True
Is 22464 a multiple of 6?
True
Is 30 a factor of 805980?
True
Is 784218 a multiple of 58?
True
Is 550 a factor of 5365250?
True
Is 18 a factor of 238554?
True
Is 97325 a multiple of 25?
True
Does 51 divide 80427?
True
Does 8 divide 54?
False
Is 21 a factor of 78435?
True
Is 117 a factor of 12888252?
True
Does 14 divide 193438?
True
Is 15 a factor of 2665265?
False
Does 6 divide 475344?
True
Is 24304878 a multiple of 1469?
False
Does 2 divide 793504?
True
Does 543 divide 718587?
False
Is 84063 a multiple of 116?
False
Is 36200 a multiple of 40?
True
Is 1159277 a multiple of 35?
False
Does 2160 divide 12007440?
True
Is 189370 a multiple of 29?
True
Is 82 a factor of 931848?
True
Is 2023326 a multiple of 27?
True
Does 38 divide 324672?
True
Does 263 divide 1931651?
False
Does 6 divide 110388?
True
Is 22 a factor of 3363778?
True
Is 262514 a multiple of 238?
True
Is 99680 a multiple of 623?
True
Does 54 divide 127872?
True
Is 87929 a multiple of 27?
False
Is 1250304 a multiple of 12?
True
Does 6 divide 91133?
False
Is 259109 a multiple of 213?
False
Is 7 a factor of 120904?
True
Does 3 divide 2312012?
False
Does 184 divide 5791461?
False
Does 39 divide 109122?
True
Is 28 a factor of 15820?
True
Does 35 divide 2282216?
False
Is 276759 a multiple of 9?
True
Is 122 a factor of 45262?
True
Is 1997945 a multiple of 23?
False
Is 18 a factor of 63360?
True
Is 5 a factor of 84496?
False
Does 15 divide 706080?
True
Is 259 a factor of 465164?
True
Is 6850547 a multiple of 28?
False
Does 293 divide 1128075?
False
Does 89 divide 58517?
False
Does 132 divide 2555133?
False
Does 44 divide 98874?
False
Does 76 divide 4896148?
True
Is 358 a factor of 1506342?
False
Is 210492 a multiple of 27?
True
Is 9274096 a multiple of 22?
False
Does 171 divide 132696?
True
Does 2 divide 782973?
False
Does 47 divide 84741?
True
Is 191338 a multiple of 14?
True
Is 312 a factor of 164245?
False
Is 158860 a multiple of 129?
False
Does 30 divide 133285?
False
Does 21 divide 1456413?
True
Is 735735 a multiple of 147?
True
Does 5 divide 26915?
True
Is 535 a factor of 117545?
False
Is 16 a factor of 6118576?
True
Is 57558 a multiple of 3?
True
Does 95 divide 74847?
False
Does 547 divide 1857566?
False
Is 220482 a multiple of 134?
False
Is 3976794 a multiple of 18?
True
Does 10 divide 708510?
True
Does 7 divide 108365?
False
Is 21190075 a multiple of 85?
True
Is 110103 a multiple of 107?
True
Does 265 divide 115010?
True
Is 79388 a multiple of 4?
True
Is 21 a factor of 5817?
True
Is 2726 a factor of 8561556?
False
Is 481 a factor of 12578631?
True
Does 12 divide 175896?
True
Does 16 divide 257920?
True
Is 85 a factor of 96475?
True
Is 6905366 a multiple of 4?
False
Is 177 a factor of 3997321?
False
Is 6432137 a multiple of 7?
False
Is 25 a factor of 174025?
True
Is 11 a factor of 326687?
False
Is 1255884 a multiple of 84?
True
Does 8 divide 27928?
True
Is 9356034 a multiple of 17?
False
Is 2227429 a multiple of 10?
False
Is 37204 a multiple of 71?
True
Does 11 divide 3617019?
False
Does 98 divide 882793?
False
Does 9 divide 328401?
True
Is 124 a factor of 3256184?
False
Does 633 divide 6764871?
True
Is 76 a factor of 2542710?
False
Is 4948428 a multiple of 483?
False
Is 61549 a multiple of 80?
False
Is 1021440 a multiple of 140?
True
Does 58 divide 9436542?
True
Is 93279 a multiple of 31?
True
Is 9689250 a multiple of 250?
True
Does 54 divide 416778?
False
Is 27 a factor of 12550?
False
Is 440863 a multiple of 79?
False
Is 22 a factor of 1452198?
True
Is 648567 a multiple of 51?
True
Is 745 a factor of 2792260?
True
Does 19 divide 130981?
False
Is 41 a factor of 10495676?
False
Is 102 a factor of 1088646?
True
Does 88 divide 1253270?
False
Is 77217 a multiple of 3?
True
Is 86 a factor of 6593039?
False
Is 35 a factor of 506994?
False
Is 35 a factor of 554365?
True
Is 22 a factor of 518875?
False
Is 735 a factor of 4461655?
False
Is 3173743 a multiple of 20?
False
Does 21 divide 1122002?
False
Is 3336 a multiple of 12?
True
Is 30085 a multiple of 7?
False
Does 14 divide 198345?
False
Does 43 divide 9804?
True
Is 86 a factor of 441244?
False
Does 12 divide 174663?
False
Does 21 divide 386360?
False
Is 233627 a multiple of 22?
False
Does 288 divide 483824?
False
Is 103 a factor of 2807986?
True
Is 397914 a multiple of 10?
False
Is 58 a factor of 4527596?
True
Is 564 a factor of 6681492?
False
Is 9 a factor of 2034?
True
Is 24869340 a multiple of 515?
False
Is 163 a factor of 113608?
False
Is 435 a factor of 1075659?
False
Is 97 a factor of 77697?
True
Is 102 a factor of 845478?
True
Is 3149216 a multiple of 68?
True
Is 532185 a multiple of 51?
True
Does 52 divide 14190537?
False
Is 1643060 a multiple of 410?
False
Is 194110 a multiple of 14?
True
Is 6046 a multiple of 26?
False
Is 21351860 a multiple of 20?
True
Is 803982 a multiple of 282?
True
Does 3 divide 27978?
True
Is 292 a factor of 6572336?
True
Does 8 divide 1103465?
False
Is 203490 a multiple of 255?
True
Does 268 divide 877748?
False
Does 412 divide 86375?
False
Does 10 divide 153966?
False
Is 393264 a multiple of 8?
True
Does 718 divide 5393616?
True
Is 408 a factor of 6305350?
False
Does 118 divide 7656902?
True
Is 2 a factor of 1025262?
True
Does 67 divide 1070362?
False
Is 1636335 a multiple of 1395?
True
Is 2349921 a multiple of 14?
False
Is 58 a factor of 3811329?
False
Does 409 divide 1178593?
False
Is 1694176 a multiple of 44?
True
Is 4 a factor of 265011?
False
Is 17 a factor of 73797?
True
Is 2834135 a multiple of 15?
False
Does 20 divide 4049847?
False
Is 130896 a multiple of 144?
True
Is 110260 a multiple of 149?
True
Is 20 a factor of 441760?
True
Is 54 a factor of 4089116?
False
Does 1190 divide 4310662?
False
Does 47 divide 3701861?
True
Is 14736638 a multiple of 18?
False
Is 38 a factor of 575624?
True
Is 4 a factor of 7073?
False
Is 8 a factor of 785474?
False
Is 153 a factor of 102620?
False
Is 34765 a multiple of 17?
True
Is 431 a factor of 2973038?
True
Does 257 divide 251603?
True
Is 1552962 a multiple of 40?
False
Is 1453893 a multiple of 21?
True
Does 12 divide 16697?
False
Is 14961244 a multiple of 648?
False
Is 70 a factor of 161591?
False
Is 876679 a multiple of 20?
False
Is 2490840 a multiple of 255?
True
Is 47880 a multiple of 130?
False
Does 337 divide 4470058?
False
Is 8 a factor of 91272?
True
Is 3250872 a multiple of 8?
True
Is 25 a factor of 12975?
True
Is 1146 a factor of 11764464?
False
Does 97 divide 6969439?
False
Does 57 divide 2154974?
False
Is 31 a factor of 887510?
False
Does 246 divide 18205?
False
Does 10 divide 170434?
False
Does 4 divide 2428?
True
Is 218064 a multiple of 56?
True
Is 20 a factor of 54441?
False
Is 95094 a multiple of 27?
True
Is 839850 a multiple of 6?
True
Is 68 a factor of 662728?
True
Does 5 divide 16914?
False
Does 185 divide 7573900?
True
Is 350396 a multiple of 250?
False
Is 97 a factor of 68676?
True
Is 4862 a multiple of 60?
False
Is 621621 a multiple of 23?
True
Does 14 divide 1076784?
False
Is 21 a factor of 704290?
False
Does 20 divide 358721?
False
Does 1308 divide 4910232?
True
Does 4 divide 26925?
False
Is 7100644 a multiple of 1035?
False
Does 19 divide 5099828?
True
Does 140 divide 461630?
False
Is 4 a factor of 3508306?
False
Is 31 a factor of 121662?
False
Is 10 a factor of 2643469?
False
Is 185 a factor of 356310?
True
Is 138420 a multiple of 180?
True
Is 1067 a factor of 5028771?
True
Does 68 divide 1696229?
False
Is 431948 a multiple of 44?
True
Is 966 a factor